What are the prime factors of j?
2, 5, 17
Suppose 5*f - 4*s + 5*s = 408, 0 = -3*f - 3*s + 252. What are the prime factors of f?
3
Let p be (-3 - -5)*(-10)/(-1). Suppose 4*q + 0*q = p. Suppose -6*n - 3*c = -4*n - 12, -q*n - c + 56 = 0. What are the prime factors of n?
2, 3
Let n = -2 + 1. Let i be -6*(n - 2)/6. Suppose -3*o - 2*o - 3*k + 35 = 0, -3*k = i*o - 21. What are the prime factors of o?
7
Let w be 40/7 + 6/21. Let u = w - 4. List the prime factors of u.
2
Let b = -42 - -2. List the prime factors of (-1896)/b - 2/5.
47
Let i = 7 - 8. What are the prime factors of 48/3 - (i + 4)?
13
Let l(y) = 7*y**2 + 16*y + 11. What are the prime factors of l(-6)?
167
Let j = -5 + 19. List the prime factors of (-4)/j + (-69)/(-21).
3
Let i(k) = -3*k + 10. What are the prime factors of i(-8)?
2, 17
Let s(q) = 2*q**2 - q - 7. Suppose -9*o + 14*o = 20. List the prime factors of s(o).
3, 7
Suppose f + 387 = 5*j, 304 = 4*j - 2*f + 4*f. List the prime factors of j.
7, 11
Let d = 618 + -287. What are the prime factors of d?
331
Suppose -q + 2*q + 3 = 0, -q = v + 21. Let a = -10 + v. Let y = -16 - a. What are the prime factors of y?
2, 3
Let l be (-6)/4*40/6. Let f be 14/l + (-8)/(-20). Let h(t) = 5*t**2 - 1. List the prime factors of h(f).
2
Let d = 805 + -535. List the prime factors of d.
2, 3, 5
Suppose 75 + 35 = w. List the prime factors of w.
2, 5, 11
Let v(g) = g**3 + 5*g**2 + 3*g - 1. Let k be v(-4). Let p = -1 + 9. Let r = p - k. What are the prime factors of r?
5
Let m(y) = 6*y - 2*y - 6*y + y + 3. List the prime factors of m(-9).
2, 3
Let q = 12 - 5. Suppose t - q = 11. List the prime factors of t.
2, 3
Suppose 0*q - 20 = -3*j + 2*q, 0 = -5*j + 3*q + 32. Suppose 3*d = j + 8. Suppose -2*k - 4*i - d = 0, 10 = 5*k - k - i. List the prime factors of k.
2
Suppose -3*l - l - 3*j = -349, j = 5*l - 422. Suppose -5*q + 65 + l = 0. List the prime factors of q.
2, 3, 5
Let z be 4527/27 + 1/3. Suppose -10*c - z = -14*c. What are the prime factors of c?
2, 3, 7
Let q = -1 + 5. Suppose 2*w - 58 = q*c, -20 = -c - 4*c. Suppose -w = -4*z + 19. What are the prime factors of z?
2, 7
Let m(p) be the third derivative of p**4/24 + 5*p**3/2 - 7*p**2. List the prime factors of m(-9).
2, 3
Suppose 0 = -2*r + 8 + 2. Suppose -2*p + 14 = -3*w + 5*w, -4*p + r*w - 8 = 0. List the prime factors of p + (-15)/(-2)*2.
2, 3
Let y(i) = 16*i + 2 + 3 - 4. List the prime factors of y(1).
17
Let z = -31 + 66. Suppose -x + z = -8. Suppose 3*u - 1 = o - u, -4*u + x = 5*o. List the prime factors of o.
7
Let s(v) = -v**2 + 11*v - 11. What are the prime factors of s(6)?
19
Let f(j) be the second derivative of j**4/2 + j**3/3 - j**2/2 - 2*j. List the prime factors of f(1).
7
Let j(n) = -2*n + 15. Let f(u) = -3*u + 29. Let x(m) = -6*f(m) + 11*j(m). List the prime factors of x(-9).
3
Suppose 0 = -5*d + 2*d + 156. Let m = -15 + d. What are the prime factors of m?
37
Let b(d) be the second derivative of 1/6*d**3 - 2*d + 0 - 2*d**2. List the prime factors of b(7).
3
Let n be 2/((-18)/(-21))*3. Suppose -3*h - n = -31. Suppose -4*k = -4 - h. What are the prime factors of k?
3
Let t be ((-90)/24)/((-3)/8). Let i be 4/t + 174/15. What are the prime factors of (76/10)/(i/30)?
19
Let q = 6 - 7. Let w = q - -3. List the prime factors of 306/27 + w/(-6).
11
Suppose -3*m = j - 23, 2*j = j + 5*m - 1. What are the prime factors of j?
2, 7
Let x be (-8)/6*15/(-2). Let b = -4 + x. What are the prime factors of b?
2, 3
Let p(r) = -8*r + 30 + 12 + 9*r. What are the prime factors of p(0)?
2, 3, 7
Suppose -4*l = -60 - 128. What are the prime factors of l?
47
Suppose -5*o - 2*v = -36, -22 = -4*o - 2*v - 3*v. Suppose o = -p + 25. List the prime factors of p.
17
Suppose 2*c + 4 - 12 = 0, -4*c = -4*w + 4. Suppose 14 - 49 = -w*l. List the prime factors of l.
7
Suppose 2*l - 3*l = -3. Suppose -4*u - z = -55, 3*u + 0*z + l*z - 39 = 0. What are the prime factors of u?
2, 7
Suppose -4*b + 10 = -10. Suppose 0 = -b*p - 10, 0 = t - 4*t + 2*p - 14. List the prime factors of 4*((-3)/t)/1.
2
Suppose -2*h = 2*z - 3*z + 32, -3*z - 4*h = -126. List the prime factors of z.
2, 19
Suppose 4*x + 417 = y, -5*x + 2*x - 2102 = -5*y. What are the prime factors of y?
421
Suppose -4*g - 236 = -2*j, j - 4*g = -3*j + 488. List the prime factors of ((-7)/(-21))/(2/j).
3, 7
Let g(n) = -n**3 + 9*n**2 + 3*n - 10. Let h(i) = -i**2 + 7*i - 3. Let m be h(5). Let a(u) = u**2 - 5*u - 5. Let c be a(m). What are the prime factors of g(c)?
17
Let c(w) = 2*w**2 - 3*w - 1. Let y be c(6). Let k = y - 29. List the prime factors of k.
2, 3
Let v(i) = i**2 + i**2 - 5 - i**2 + 6*i. Let t be v(-8). Suppose t = 4*u - 3*u. What are the prime factors of u?
11
List the prime factors of ((-135)/30)/(1/(-2)).
3
Suppose 7*i - 4 = 6*i. Suppose -8*g = -i*g - 72. What are the prime factors of g?
2, 3
Let l be (5 + -7)*(-2)/(-4). What are the prime factors of (-3)/3*l + 1?
2
Let o be (4/(-5))/(8/(-340)). Suppose -5*n - 4 = -o. List the prime factors of n.
2, 3
Suppose 0 = -2*o + 4, 13 = -3*n + o + 5. Let y be (-1 - n)*(-11)/1. Let z = y + 15. What are the prime factors of z?
2
Let w(t) = t**3 + t**2 - t + 1. Let a(q) = 5*q**3 - 4*q - 3. Let v(f) = a(f) - 4*w(f). Let s be v(5). Suppose 0 = -2*o - o + s. What are the prime factors of o?
2, 3
Suppose 4 = 5*b - 56. Suppose f - b = -1. List the prime factors of f.
11
Let b(i) = i - 5. Let n be b(6). Let y be n*12/(6/3). What are the prime factors of 10*(0 + y/4)?
3, 5
Suppose 5*y - 3*q - 140 = 0, -5*y - 5*q + 3*q + 165 = 0. List the prime factors of y.
31
Let b = -5 + 2. List the prime factors of (-2)/(b/(-6)*-1).
2
Let r = -15 + 17. Suppose 0 = -2*y - 5*u + 8 + 50, 64 = 2*y + r*u. What are the prime factors of y?
2, 17
Suppose 104 = s + 3*s. What are the prime factors of s?
2, 13
Let a(c) = -c**3 - 6*c**2 + 9*c - 1. What are the prime factors of a(-8)?
5, 11
Let p = 120 - 48. List the prime factors of p.
2, 3
Let l be (-1 - 1)/((-16)/216). List the prime factors of 4/4*(l + 2).
29
Suppose 0 = 5*z - 2*z - 183. What are the prime factors of z?
61
Let k be (-1)/((-4)/192*-2). List the prime factors of 16/k*75/(-2).
5
Let t(g) = -g**3 + 6*g**2 + 9*g - 6. Let z be t(6). Let w = 2 + 2. Suppose w*s - z - 8 = 0. List the prime factors of s.
2, 7
Let c(z) = z**2 - 11*z + 29. What are the prime factors of c(16)?
109
What are the prime factors of (-224)/((-10)/5) + 0?
2, 7
Suppose -118 = -d + 118. What are the prime factors of d?
2, 59
Let l(v) = v**3 - 5*v**2 + 6*v - 3. Let h be l(4). Let t = h + 1. Let k = t + -3. What are the prime factors of k?
3
What are the prime factors of -4 - (4 - (-112)/(-4))?
2, 5
Let a be -2 - 2/(-2) - 2. What are the prime factors of 15 + (1 + a)/1?
13
Let w(f) be the first derivative of f**4/12 - 2*f**3/3 - f + 1. Let b(y) be the first derivative of w(y). List the prime factors of b(6).
2, 3
Suppose 4*w - 571 = -b, w = 4*b + 133 - 3. List the prime factors of w.
2, 71
Suppose 0 = 6*b - 20 - 34. What are the prime factors of b?
3
Let z(t) = -t**3 + 11*t**2 - 9*t - 7. Let i be z(10). Suppose -5*g - 20 - 18 = -4*m, i*m - g - 23 = 0. List the prime factors of m.
7
Let s(w) = -2*w - 3. Let m be s(-7). Suppose -3*d - 18 = -21. List the prime factors of -2*d*m/(-2).
11
Let z(h) = -h**2 + 10*h + 13. Let j be z(11). Suppose 0 = -4*o - q - 12 + 120, -j*q = -o + 36. List the prime factors of o.
2, 7
Suppose -10*a = -14*a + 16. Suppose 0 = a*j - 18 - 54. List the prime factors of j.
2, 3
Let d = 93 + 113. Let x be d/(-4) - 2/(-4). Let y = -35 - x. List the prime factors of y.
2
Let n be (-12 + (-3)/(-1))/1. What are the prime factors of 212/18 + (-2)/n?
2, 3
Suppose 4*h = -2*n + 460, 0*h - h - 5*n + 106 = 0. List the prime factors of h.
2, 29
Let j(g) = g**2 + 5*g - 3. List the prime factors of j(-10).
47
Suppose 2*t + 4*n = -5 + 13, -4*n + 2 = 5*t. Let g = -2 - t. Suppose -20 = -5*q + 2*l, -2*q + 3*l - 4*l + 17 = g. List the prime factors of q.
2, 3
Let a(w) = 12*w**2 + 1. List the prime factors of a(1).
13
Let m(l) = l**2 - 6*l + 15. What are the prime factors of m(7)?
2, 11
Let p = 3 - -32. What are the prime factors of p/20 + (-1)/(-4)?
2
What are the prime factors of (-187)/(5/5)*-1?
11, 17
Let o = 69 - 41. List the prime factors of o.
2, 7
Let v(k) = k**2 - 12*k - 35. What are the prime factors of v(17)?
2, 5
Let